?
-16
Suppose 132*z + 108*z + 172*z = 332*z - 640. Let c(j) = -3*j**2 + 9*j - j**2 + 12 + 5*j**2. Calculate c(z).
4
Suppose 224*p + 6*m + 18 = 227*p, 7 = p - 3*m. Let d(a) = -12*a + 52. Give d(p).
4
Let z(b) = 2*b - 33. Let k(m) = -5*m + 67. Suppose 2*u - 3*f = 11, 7*f + 26 = 4*u + 5*f. Let j(o) = u*z(o) + 3*k(o). Determine j(0).
-30
Let l(t) = -17*t**3 - 6*t**2 + 4*t + 1. Let g(z) = 5*z - 5*z**3 - 3*z - z - 5*z**2 + 3*z**2. Let b(d) = -7*g(d) + 2*l(d). Determine b(-2).
0
Let m be (855/(-60))/(((-2)/8)/1). Let q(v) = -2*v**3 + 59 + 56 - v + 3*v**3 + m - 164 - 4*v**2. Give q(4).
4
Let x(g) be the first derivative of g**3/3 + 5*g**2 + 7*g - 519. Give x(-7).
-14
Let f(q) be the first derivative of -4*q + 0*q - 12 + 2*q**2 - 3*q - 153 + 5*q. Give f(8).
30
Let n(b) = -b**3 + 3*b**2 + 7*b - 10. Let q be n(4). Let u(k) = 1 + 8*k**2 - 2*k**q - k**2 + 3*k - 3*k**2. Calculate u(-4).
21
Suppose -18 + 694 = -26*l. Let c(j) = -15*j - 383. What is c(l)?
7
Let l(w) = 11*w**2 + 43*w + w**3 + 9 + 0*w**3 - 60*w - 4*w**2. Let m be l(-9). Let o(g) = -10*g + 2*g + 2*g + m*g. Give o(-1).
6
Suppose -9*j = -3*j - 1536. Let m = -257 + j. Let v(q) = -3*q**3 - 1. What is v(m)?
2
Let l = -79 + 84. Let d be (2 - l)*(-7)/(-21). Let p(q) = -17*q**2 - 2*q - 1. What is p(d)?
-16
Let n(k) = k**3 - k. Let g(m) = -4*m**3 - m**2 - 6*m - 1. Let x(t) = g(t) - 5*n(t). Let z = -96 - -41. Let h = -56 - z. Determine x(h).
8
Let a(z) = 36*z - 6. Let i(u) = 34*u - 9. Let w(g) = -11*a(g) + 12*i(g). Determine w(5).
18
Let n(q) = -36 - 66 + 84*q + 115. What is n(-2)?
-155
Let j(n) = n**2 + 6*n - 10. Suppose 7*m - 16 - 19 = 0. Suppose -k - m = -0*k, -5*u = -k - 30. Suppose -2*b = -u*l - 4*b - 32, l - 2*b = -16. Determine j(l).
6
Let a(r) = -23*r**2 + 11*r + 1. Let v be a(1). Let f(l) = l - 5. Give f(v).
-16
Suppose 3*a = -5*g + 49 + 24, 2*a = -3*g + 49. Suppose -a*i + 24*i = -20. Let h(n) = -3*n + 3. Let j(c) = 2*c - 2. Let l(u) = i*j(u) + 6*h(u). Give l(6).
10
Suppose -360 + 366 = -3*j. Let k(x) be the third derivative of -x**4/12 - x**3/6 - 2*x**2. Let p be k(j). Let g(c) = -c**2 + c - 1. Calculate g(p).
-7
Suppose 3*j - 13 = 4*j - 5*f, 5*j + 2*f = 43. Suppose -3*a = k + 31, a - 2*k + 4*k = -j. Let p(m) = m**3 + 10*m**2 - 10*m + 5. Determine p(a).
-6
Let c(l) = -3*l**2 + 4*l + 1. Let g = -5012 + 5015. What is c(g)?
-14
Let y(p) = 26792954*p**3 - p + 7*p - 26792955*p**3 - 8*p**2 + p - 78. Determine y(-10).
52
Let x(z) = 2*z**2 + 38*z + 104. Let o be x(-16). Let v(a) = -a**2 + 7*a - 5. Let d(y) = -4*y**2 + 28*y - 20. Let u(k) = 2*d(k) - 9*v(k). Give u(o).
13
Let w(q) = 3*q - 7. Let x = -315 + 560. Let k = x - 242. What is w(k)?
2
Let o(p) = 2 + p**3 + 5*p**2 + 2*p - 6*p - 4*p. Let y = 9502 + -9508. Calculate o(y).
14
Let h(b) = -b**3 - 16*b**2 - 20. Let n be 23/((-805)/14)*40. Determine h(n).
-20
Suppose -3*q = -5*d - 196, 4*q - 160 = -5*d + 148. Let g = -69 + q. Let x(o) = 3 - 4 + 9*o**g - o + 3*o**2 + o**2 - 3*o**2. Calculate x(-1).
-8
Let r(b) = 67 - 43*b - 39*b + 164*b - 37*b - 39*b. Calculate r(-11).
1
Let q(a) = -a**3 + 19*a**2 + 18*a + 16. Let s = 4323 + -4303. Determine q(s).
-24
Let u(o) = 2*o**3 + o**2 - 2*o + 1. Let s be u(1). Let q(r) = -2*r - 82060*r**2 + 82064*r**2 - 2*r + 2 + r. Determine q(s).
12
Let r be (-14)/(-35) - (-369)/15. Suppose r = 5*f + 5*u, -11 = 2*f - 2*u - 25. Let q(x) = 8*x + 183*x**3 - 3*x**2 - 4*x**2 - 2 - 182*x**3. What is q(f)?
10
Let x(v) = 75*v - 457. Let n be x(6). Let l(b) = b**2 + 4*b - 16. Determine l(n).
5
Let h(v) = v**3 - 20*v**2 + 22*v - 49. Suppose -83*j - 285 = 81*j - 179*j. What is h(j)?
8
Suppose 9*k + 28 = -44. Let g be (4 + 18/(-4))*k. Suppose -u + 3*q - 5*q = 1, 20 = g*u - 4*q. Let a(h) = -h**3 + 4*h**2 - 2*h + 4. What is a(u)?
7
Let q(i) be the second derivative of i**4/12 + 7*i**3/6 + 2*i**2 - 136*i. Let x be -9 - (5/(-5) - 2/2). What is q(x)?
4
Let u(n) be the first derivative of 61 + 1/4*n**4 + 0*n - 1/2*n**2 + 2*n**3. Calculate u(-6).
6
Let r(l) be the third derivative of l**5/60 + 5*l**4/24 - l**3/3 + 11*l**2. Let w be (-2)/5*(-1 - (-16 - -5)). Determine r(w).
-6
Let u be ((-32)/(-40))/(9/(-15) - -1). Suppose r = 2, 2*m - u*r - 164 = -3*r. Let j = m - 85. Let h(n) = n**2 + 5*n + 3. Give h(j).
-1
Let h(m) = m - 45 - 157 + 202. Let c(z) = -z**2 - 11*z - 18. Let s be c(-8). Determine h(s).
6
Let j = -337 - -339. Let t(h) = -3*h**3 - 6*h**2 + j*h**3 + 154 + 8*h - 145. What is t(-7)?
2
Let r(o) = o**3 - 13*o**2 + 16*o - 16. Suppose 482*m - 6914 = -1612. Give r(m).
-82
Let u be ((-6)/(-4))/((-18)/(-204)). Let d(f) = 1 - u*f - 12*f + 31*f. Suppose 5*z = 2 - 12. Give d(z).
-3
Let k(s) = -3*s**3 + 4*s**2 + 15*s - 4. Let u(x) = -7*x**3 + 7*x**2 + 39*x - 9. Let b(l) = 5*k(l) - 2*u(l). Calculate b(2).
8
Let h(j) = 3*j**2 - 13*j + 13. Suppose -135*f + 174 = -106*f. Determine h(f).
43
Let b = 566 - 584. Let n(z) = -z**2 - 15*z + 40. Calculate n(b).
-14
Let g(b) be the third derivative of b**4/24 + b**3/3 - 13*b**2. Let i be (-4)/6 - 2/(-3). Suppose 2*v + 2 + 16 = i. What is g(v)?
-7
Let j be 1*(0 - 2) + -1. Let l = 296 + -294. Let x(n) = 5 + 8*n - 12*n - 3 + 3*n + 0 - n**l. Calculate x(j).
-4
Suppose -9*f = -17*f + 192. Suppose -49*i + 46*i = f. Let c(s) = -s**3 - 8*s**2 + s + 11. Calculate c(i).
3
Let k(r) = 9*r**3 - r**2 - 2*r - 2. Suppose 3*h - 2*l + 7 = 0, l - 53 = 5*h - 46. Give k(h).
-10
Let z = 7 - 5. Let c(b) = -1758662*b - 1 + 5*b**2 - 1758661*b + 3517324*b. Determine c(z).
21
Let z(r) = -r**2 - 2*r + 4. Let p be (-2 + 57)*(-2)/(-10)*-6. Let w = -52 - p. Let m be 0 - ((-120)/28 + 4/w). What is z(m)?
-20
Let d(z) = 3*z**2 + 14*z - 2*z**2 + 0*z**2 - 26. Let b be d(-16). Let p(a) = -b*a**3 + 5*a**3 - 3 + 5 - 4*a**2 - a. Determine p(-3).
-4
Suppose 5 - 309 = -4*p. Let a = p - 83. Let w(q) = -q**3 - 8*q**2 - 6*q + 10. Calculate w(a).
3
Let r(l) be the second derivative of -l**4/2 + 107*l**3/6 + 21*l**2/2 + 3902*l. Give r(18).
3
Let w(d) = 5*d + 3 + 6*d - 10*d. Let b(y) = 12*y - 23. Let r be b(5). Suppose -3*l = 4*o + 4 + 12, -3*o = -4*l + r. Determine w(o).
-4
Let v(s) be the third derivative of s**6/60 - 2*s**5/15 + s**4/24 + 3*s**3/2 + 74*s**2 - 2*s. Give v(3).
-6
Let l(s) = 5*s**2 - 3*s - 3. Let f(d) = 30*d**2 - 19*d + 9. Let v(a) = -f(a) + 4*l(a). Calculate v(3).
-90
Let l be (-4)/(-26) + ((-2750)/130 - -11). Let y be 0 + 5 - (-2 - (l + 5)). Let n(i) = -15*i - 1. Determine n(y).
-31
Let s(v) be the third derivative of -v**8/20160 - v**7/420 - v**6/48 + 59*v**5/60 - 3*v**2 + 33*v. Let d(k) be the third derivative of s(k). Determine d(-10).
5
Let l(m) be the second derivative of -35*m**3/6 - 169*m**2/2 + 4*m - 428. Determine l(-6).
41
Let o = 9267 - 9301. Let s(v) = -v**2 - 30*v + 124. Calculate s(o).
-12
Let b(f) = 13*f**2 - 19*f - 35. Let g(r) = -3*r**2 + 5*r + 9. Let w(h) = -h**2 + 2*h - 2. Let t be w(2). Let k(a) = t*b(a) - 9*g(a). What is k(9)?
7
Let l(f) = -2*f - 4433 + 1577 + 1664 - 16*f. What is l(-66)?
-4
Let t(w) = -w**2 + 18. Suppose 3*m = -5*p - 12 + 8, 0 = 5*p + 5*m - 10. Determine t(p).
-7
Let w(h) = -3*h**2 - 7*h + 2. Let y(j) = 2398*j + 14386. Let n be y(-6). Give w(n).
4
Suppose 5 = -3*r + c, 2*r + 3*r + 11 = 3*c. Let d(g) be the first derivative of -4*g**3/3 - g**2/2 + 6273. Calculate d(r).
-3
Let x(u) = u - 14. Let z(s) = -s**3 + 7*s**2 + 6*s - 17. Let m be z(5). Suppose 12*g = 5*g + m. Calculate x(g).
-5
Let w = -3554 + 3557. Let r be (-1 - 3)*3/(-6). Let s(i) = i**2 + 3*i - 5 - 3*i + r. Calculate s(w).
6
Let x = -26116 - -26119. Let m(u) be the third derivative of 35*u**2 + u**x + 0*u - 1/24*u**4 + 0. Calculate m(6).
0
Let z be (1386/88 + -15)*4. Let s(x) = -4*x + 12. What is s(z)?
0
Let t = -11640 + 11638. Let j(h) = 3*h**3 + 2*h**2 - 2*h - 3. Let p(f) = -f**3 - 3 + 0 - f**2 + f + 4. Let z(r) = -j(r) - p(r). Determine z(t).
12
Suppose 3*u = -13*u - 48. Let a be (4 + -6)/((-1)/(-8)). Let g be (-5)/((-5)/u) - (a + 5). Let c(j) = -j**2 + 10*j - 5. Calculate c(g).
11
Suppose f + 4*u = 13, 0 = 4*u - 12 + 24. Let v(c) = c**3 - 26*c**2 + 31*c - 145. Give v(f).
5
Let c(y) = 2*y**3 + 2*y**2 - y + 7. Let l be c(0). Let u(i) = 14*i**3 - i**3 - 7*i**2 - 21*i**3 - i + l*i**3 + 3. Give u(-7).
10
Let h = -2690 - -2682. Let l(i) = -i**3 - 8*i**2 + 2*i + 5. Calculate l(h).
-11
Let x(h) be the first derivative of 5*h**2/2 + 9*h + 921